e
Let j be ((-29519)/21)/((30/(-18))/5). Is j + 1 + (-8)/(-6 - 2) a prime number?
True
Let g be 156/(-15)*-54 + (-4)/(-10). Suppose 3*c - 356 = g. Let o = -209 + c. Is o a prime number?
True
Suppose -2*v + 43 = c, -3*c = -4*c - v + 38. Let k = 34 - c. Is k*(-15)/5 - -676 a prime number?
True
Let q(v) = -690*v + 44. Let r be q(-7). Let n = r - 1561. Suppose -3*w - 4*h + n = 0, 0 = -w + h - 4*h + 1096. Is w a prime number?
False
Let i = -326 - -325. Is -1*4 - 1*1035/i prime?
True
Let q(u) = 69*u**2 - 53*u - 9. Let o be q(11). Let g = -3838 + o. Is g a composite number?
False
Suppose 0 = -6*n + 9*n + 3*o - 72, -4*o = 2*n - 40. Let a be 3 + 0 + (n - -394). Suppose 50 = 5*v - a. Is v a prime number?
False
Suppose 5*d - 6179 = 4*f + 42725, -2*d - 3*f = -19580. Let k = d + -2549. Is k a prime number?
False
Let t(p) = 17504*p + 52. Let d be t(4). Suppose 3*g - d = -9*g. Is g a prime number?
True
Let x(l) = -l**3 - 11*l**2 - 20*l - 4. Let b be x(-9). Is ((-7)/b)/((-4)/217528) prime?
True
Suppose -4*q + 285 = -k, -k = 3*q - 80 - 125. Let p be 2 + -2*(6 + -1). Let i = p + q. Is i a composite number?
True
Suppose 714*x = 712*x + 3*t + 368315, 4*t = -5*x + 920753. Is x prime?
True
Let f = 335 - 521. Let x be (f/5)/((-4)/20). Suppose -a - a + x = 0. Is a prime?
False
Suppose 75*g - 103*g = -48*g + 4364540. Is g a composite number?
False
Let f(l) = l**2 + 3. Let b(s) = -s**2 - 2. Let p(y) = -4*b(y) - 3*f(y). Let u(d) = 6*d**2 - 10*d + 11. Let z(g) = -5*p(g) + u(g). Is z(13) prime?
False
Is 8/(16 + -20)*(3 + 383170/(-4)) prime?
True
Suppose -3*k = -3*g + 8415, -5*g + 5507 + 8508 = -3*k. Let c = g + -1923. Is c prime?
True
Let o = 70 - 82. Let a(c) = c**3 + 13*c**2 + 12*c + 2. Let z be a(o). Suppose 19 = z*j - 19. Is j a composite number?
False
Let m = 127682 + -78925. Is m a prime number?
True
Let k = -70 + 79. Suppose -4*i = -k*i. Suppose 4*o - 3555 = b, -5*b = 3*o - i*b - 2672. Is o a composite number?
True
Suppose -6*l + 988658 + 365064 + 98896 = 0. Is l a composite number?
True
Suppose -v = 3, 2*d - 3*v - 285970 = 246705. Is d composite?
False
Suppose 71 = -7*l - 118. Let m = 31 + l. Suppose 0 = n - m*q - 47, n - 11 = -3*q - 2*q. Is n composite?
False
Let d = -155 - -158. Suppose -12*h + 4*w + 7901 = -11*h, 0 = -d*w. Is h a composite number?
False
Suppose 5*t = 4*h - 33, t + 0*h - h + 6 = 0. Let i be ((-7)/(-2))/(t - 76/(-8)). Suppose 9*a - 694 = i*a. Is a a prime number?
True
Is 1/(2/((-48)/(-9)) - (-937976)/(-2501440)) a prime number?
False
Let i(r) = 1076*r**2 + 9*r - 57. Is i(16) composite?
False
Let w(r) = -275227*r + 1092. Is w(-1) composite?
False
Suppose 63*y = 55*y + 56. Suppose 0 = -y*f + 3415 + 1296. Is f a composite number?
False
Suppose 2*w = 6*q - 8*q + 14, 0 = -w + 3. Suppose 5*a = 5*o - 21149 - 831, 0 = q*o + 5*a - 17557. Is o a composite number?
True
Let s(t) = -t**2 - 37*t - 36. Let a be (6/(-2))/((-18)/(-192)). Let j be s(a). Suppose 5*v = 9*v - j. Is v a composite number?
False
Suppose -8 = 4*m - 3*u + 4, 20 = 5*u. Let o = 10 - 8. Suppose m = -6*y - o*y + 18568. Is y a composite number?
True
Let r be 268 - (4/(-3) - (-8)/(-12)). Let f = r - -121. Is f a prime number?
False
Let d be ((-1)/(-4) - -2)/(5/(-10180)). Let r = 12634 + d. Is r a prime number?
True
Let t(u) = 12*u - 27. Let a(y) = -y**2 - 3*y - 5. Let i be a(-5). Let q be t(i). Let c = -110 - q. Is c composite?
False
Suppose -42 = -27*w + 33*w. Let t(q) = -68*q - 61. Is t(w) prime?
False
Suppose -2*k = 4*f - 14368, -3*f + 10 = -5*f. Suppose 10*x - 5356 = k. Is x prime?
False
Suppose -16*h = -3*h - 39533. Is h a composite number?
False
Suppose -28*n = -26*n - 4. Suppose -y + 11 = 2*m, 4*m = n*y - 0*y + 18. Let x(c) = 906*c**2 + 2*c - 1. Is x(y) prime?
True
Suppose 2*a + 12 = o, -3*a + 5*a + 4 = -o. Suppose -3*h - p + 5*p + 34 = 0, o*p = -16. Suppose -h*w + 5*w + 797 = -q, 0 = -4*w - 5*q + 3152. Is w composite?
True
Suppose -6*q = -59852 - 14266. Suppose -8622 - q = 5*u. Let s = u - -6098. Is s composite?
True
Suppose 2*c + 5*g = -2*c + 911099, -g = 4*c - 911087. Is c prime?
False
Let q(v) = 1937*v + 3046. Is q(21) composite?
True
Let u(o) = 8*o**2 - 3*o + 13. Let c be u(3). Suppose -4*x + c = 16. Let j(a) = a**2 - a + 41. Is j(x) prime?
True
Is ((-15)/(-75))/(15/1832325) composite?
True
Let g be 0 + 605/(-10) + (-1)/(-2). Let n = -52 - g. Suppose -n*s = -6*s - 8090. Is s a prime number?
False
Let v(r) = r**3 - 75*r**2 + 931*r - 88. Is v(63) composite?
False
Let s = 1033064 - 263553. Is s prime?
False
Suppose v + 57 = 7040. Let y = 3680 + v. Is y prime?
True
Let d(b) = -5*b - 84. Let t be d(-18). Suppose -p = 2*p - 345. Suppose 0 = -y + t*y - p. Is y prime?
True
Let b = 3390 + -1657. Is b a composite number?
False
Let n be (-6)/(-48)*-10174*-4. Let p = n + -2770. Is p a prime number?
False
Suppose -12*z + 8*z + m + 21 = 0, -3*m + 39 = 5*z. Suppose -8*x + z*x = -6. Suppose -x*s - 5382 = -24441. Is s prime?
True
Let g(w) = -173*w + 33 - 222*w + 129*w. Let b be g(3). Let k = 1654 + b. Is k prime?
False
Let l(j) = 918*j**3 - 5*j**2 + 103*j - 457. Is l(5) a prime number?
False
Suppose s - 3*c + 6 = 0, -2*c + 2 = -4. Suppose -s*b - 17 = -2*i, i = -3*i - 3*b + 25. Suppose 0*w - i*w + 2653 = 0. Is w composite?
False
Suppose -2*i = 2*i, -3*t + 9 = -3*i. Suppose -t*d - 50400 = -4*k, 2*k = 5*k - 2*d - 37799. Suppose -3*x = s - 4192, 0 = 3*s - 2*x + 4*x - k. Is s composite?
False
Let m = -773 + 774. Let d(b) = 7788*b**3 + b**2 + 3*b - 3. Is d(m) a prime number?
True
Suppose -21861235 = -20*i - 32*i - 157943. Is i composite?
False
Suppose a + a - 18876 = 3*x, 3*a - 3*x = 28317. Let i = 14398 - a. Is i prime?
True
Suppose 3*o = 2*x + 2 - 6, -x + 3*o + 8 = 0. Let k(n) = -n**3 - 5*n**2 - 6*n - 5. Let z be k(x). Is 305 + -2 + (-12)/z prime?
False
Let z(s) = -437*s - 421*s + 563*s + 239 - 614*s - 337*s. Is z(-4) composite?
True
Suppose l - 2*l = -0*l. Let u be -7*(l - (-15990)/(-21)). Suppose -15998 = -12*x - u. Is x prime?
False
Suppose 4*u + m = 4, 0 = u + 2*u + 2*m + 2. Let f(w) = 1908*w**3 - 3*w**2 - 3*w + 13. Is f(u) a prime number?
True
Let y = 24308 - 1059. Is y composite?
True
Let h(k) = 9*k**2 + 46*k + 481. Is h(-50) a prime number?
True
Let i be ((-1)/(-2 + 45/24))/2. Suppose h = -3, -31 = 4*f + 5*h - i*h. Is (-4 - f - 4) + 1244 prime?
False
Let s = 193 - 85. Suppose -2*d = -1136 + s. Suppose -3*k - 499 = -4*o, -4*k + 2*k = 4*o - d. Is o composite?
False
Let u(k) = k**2 + 22*k + 107. Let a be u(-7). Suppose 4*h - 5460 = -3*n + 4201, n - a*h - 3227 = 0. Is n prime?
False
Let b(s) = -s**3 + s**2 + 12*s. Let j be b(6). Let f be (-24)/j + (-28850)/(-18). Suppose 2*u - f = -357. Is u a prime number?
False
Let d(g) = 2*g**2 - 4*g - 9. Let x be d(7). Suppose 0 = 2*z - 3*l - 504, 2*z - 38*l - 500 = -33*l. Let r = z - x. Is r a prime number?
False
Let x be 13/6 - -1*7/(-42). Is ((-2726 + 4)/x)/(0 + -1) prime?
True
Suppose -108*b + 4362747 - 264039 = 0. Is b prime?
True
Suppose 10*o - 32346 = 9134. Let k = 12229 - o. Is k a prime number?
True
Let v(x) = x**3 - 2*x**2 - 23*x - 91. Is v(10) a composite number?
False
Suppose 3*l + 2*t + 146649 = 1987768, 0 = -3*l + 3*t + 1841094. Is l prime?
False
Let t be (-40)/(-60) - 2291/3. Let b = t - -2601. Is b a composite number?
True
Let b(n) = -46*n**2 - 886*n - 3. Let v be b(5). Suppose 2*z + 1738 = -3946. Let f = z - v. Is f composite?
False
Suppose 0 = 2*u + j + 49700, 4*u + 5*j + 99412 = -0*u. Let p = -13113 - u. Is p a prime number?
False
Let t(c) = 41118*c + 349. Is t(4) a prime number?
True
Suppose 366 = x - 5*c, 2*x + c = -3*c + 760. Suppose -24*m = 216 - 2256. Let b = x - m. Is b composite?
True
Let k(o) = 296*o**2 - 59*o + 19. Is k(28) a prime number?
True
Suppose -2*l + 2*b + 139690 = 0, 10*l = 9*l - 3*b + 69853. Is l prime?
True
Let b be 2 - (-18)/(-8) - (-7)/(-4). Is (3 + 39054/24)*(-8)/b a prime number?
True
Let i(w) = 797*w + 818. Is i(25) composite?
False
Let z = -214214 - -563085. Is z prime?
False
Suppose 12*n + 127874 = 14*n. Is n a composite number?
True
Let r(o) = o**2 - 8*o + 4. Let q be r(5). Let l(g) = -294*g + 37. Is l(q) a composite number?
False
Suppose 3*n = 3*w - 18, -3*n + 1 - 22 = -4*w. Is w/(-4) - (2 + 5649/(-28)) a prime number?
True
Is 2/(-7) + 6*(-117)/91 + 331375 composite?
False
Let u = 8008 + -4956. Let v be 1 + u 